le of 34?
False
Is 441396572 a multiple of 1164?
False
Is 276 a factor of 1975962920?
False
Does 43 divide 1342675?
True
Does 9 divide 699698760?
False
Is 285786020 a multiple of 65?
True
Does 2101 divide 1496063301?
False
Is 14097004 a multiple of 33?
False
Does 4920 divide 573128501?
False
Is 12710120 a multiple of 135?
False
Does 168 divide 114075024?
True
Is 298405140 a multiple of 44?
True
Does 1370 divide 1076584929?
False
Is 24 a factor of 2259658536?
True
Is 123329818 a multiple of 277?
True
Is 893521242 a multiple of 301?
False
Does 56 divide 93038587?
False
Is 1624 a factor of 2436595298?
False
Does 181 divide 5704396?
True
Is 61730027 a multiple of 14?
False
Is 31398784 a multiple of 386?
True
Does 1071 divide 38963445?
False
Is 249216045 a multiple of 13?
True
Is 46629654 a multiple of 495?
False
Does 327 divide 23215498?
False
Is 18 a factor of 563211144?
True
Does 8 divide 182345752?
True
Is 212370615 a multiple of 115?
True
Is 28198731 a multiple of 141?
True
Does 31 divide 95405848?
True
Does 11 divide 146381642?
True
Is 93 a factor of 22755347?
False
Is 15507689 a multiple of 1183?
False
Is 221346675 a multiple of 675?
True
Is 19 a factor of 50550621?
True
Does 16 divide 14648656?
True
Is 141551648 a multiple of 7?
True
Is 360811800 a multiple of 327?
True
Is 15376013 a multiple of 1532?
False
Does 48 divide 67501861?
False
Is 311 a factor of 95314969?
True
Is 77 a factor of 1440233475?
False
Is 168892956 a multiple of 18?
True
Is 5 a factor of 3485722?
False
Is 11 a factor of 477171255?
True
Is 2592883262 a multiple of 314?
False
Is 465301851 a multiple of 5691?
True
Is 1745 a factor of 996639300?
True
Is 473 a factor of 313162706?
False
Is 194 a factor of 83444442?
False
Is 4295720 a multiple of 11?
True
Is 10834329 a multiple of 21?
False
Does 18 divide 75438720?
True
Is 31 a factor of 57203266?
False
Does 40 divide 12300880?
True
Does 3924 divide 417258540?
True
Does 31 divide 53369687?
False
Is 48 a factor of 93175104?
True
Is 34 a factor of 112113661?
False
Is 3691775190 a multiple of 658?
False
Is 3111 a factor of 442085544?
True
Is 640 a factor of 46017996?
False
Does 47 divide 188142598?
True
Is 160 a factor of 4510720?
True
Is 14 a factor of 122410826?
False
Does 28 divide 67672248?
True
Is 264788151 a multiple of 94?
False
Does 3560 divide 45733624?
False
Is 128563944 a multiple of 248?
True
Does 16 divide 19041626?
False
Does 132 divide 7660884?
True
Is 164447365 a multiple of 21?
False
Is 45905067 a multiple of 54?
False
Is 369305816 a multiple of 133?
False
Is 1986272 a multiple of 661?
False
Is 37696547 a multiple of 8?
False
Does 423 divide 834862833?
True
Is 557460720 a multiple of 206?
True
Does 963 divide 40354591?
False
Does 173 divide 1133579374?
False
Is 5 a factor of 224044195?
True
Does 518 divide 35054348?
False
Is 202 a factor of 1954408?
False
Is 1612156388 a multiple of 2413?
False
Does 84 divide 108487512?
True
Is 372522518 a multiple of 28?
False
Is 19054682 a multiple of 489?
False
Does 9 divide 377253345?
False
Is 47 a factor of 94004137?
False
Does 1796 divide 531887106?
False
Does 48 divide 20460768?
True
Is 53388059 a multiple of 79?
False
Is 9156801 a multiple of 9?
False
Is 18929248 a multiple of 16?
True
Does 153 divide 221298741?
True
Is 5 a factor of 94298082?
False
Is 2748 a factor of 2465172807?
False
Is 2207 a factor of 1507050525?
False
Does 7 divide 103282727?
False
Is 18529012 a multiple of 212?
True
Does 25 divide 27092201?
False
Is 45459925 a multiple of 207?
False
Does 18 divide 1308554352?
True
Is 17 a factor of 1911762166?
True
Is 69274816 a multiple of 208?
True
Does 67 divide 15255721?
False
Does 7 divide 14937272?
True
Is 15 a factor of 179046795?
True
Is 2318688365 a multiple of 35?
True
Is 232612056 a multiple of 8?
True
Is 3017792 a multiple of 346?
False
Is 871242109 a multiple of 1047?
False
Does 140 divide 914060?
True
Does 5 divide 2650456916?
False
Is 2714885910 a multiple of 1215?
True
Is 308 a factor of 23184216?
False
Does 55 divide 14065385?
False
Is 108550651 a multiple of 6?
False
Is 54 a factor of 56923992?
True
Does 51 divide 56383662?
True
Is 383 a factor of 12044540?
False
Is 104 a factor of 811633879?
False
Is 48157629 a multiple of 253?
False
Does 7 divide 6654557?
True
Is 6869 a factor of 1969314824?
True
Is 2991039600 a multiple of 3450?
True
Is 389 a factor of 1627315255?
False
Does 260 divide 323318320?
True
Is 761 a factor of 511143448?
False
Is 497 a factor of 79044528?
False
Is 3179421260 a multiple of 3739?
True
Is 90971986 a multiple of 4919?
True
Is 31251676 a multiple of 2233?
False
Is 60775275 a multiple of 363?
True
Is 35629963 a multiple of 357?
False
Is 173 a factor of 108714288?
False
Does 65 divide 74466169?
False
Is 22 a factor of 3527857834?
False
Is 82570243 a multiple of 189?
False
Does 1252 divide 46629242?
False
Does 43 divide 40516664?
True
Does 629 divide 92851722?
True
Does 12 divide 47400480?
True
Is 174738317 a multiple of 689?
False
Is 17 a factor of 172958933?
False
Is 414 a factor of 86748999?
False
Is 60983162 a multiple of 226?
True
Does 265 divide 176708890?
True
Is 759598 a multiple of 161?
True
Is 125429420 a multiple of 610?
True
Is 18062060 a multiple of 126?
False
Is 1476 a factor of 2854498392?
True
Is 99 a factor of 426858399?
True
Does 26 divide 1653808?
True
Does 20 divide 9197742?
False
Is 2975256 a multiple of 12?
True
Is 275731380 a multiple of 2316?
True
Is 67 a factor of 834946228?
True
Does 47 divide 3880884?
True
Does 56 divide 18264176?
True
Does 53 divide 37340938?
True
Does 38 divide 241396061?
False
Is 309322651 a multiple of 11?
True
Does 543 divide 661486820?
False
Is 66 a factor of 1360722?
True
Is 1712 a factor of 1567734896?
True
Is 226 a factor of 20167186?
False
Does 109 divide 1123101214?
False
Does 235 divide 1833406315?
True
Is 63630905 a multiple of 9?
False
Is 838 a factor of 649221368?
False
Is 5991763081 a multiple of 1456?
False
Does 17 divide 81578877?
False
Does 145 divide 616661075?
True
Is 56921277 a multiple of 100?
False
Does 8 divide 64310824?
True
Is 12 a factor of 10592664?
True
Is 3993 a factor of 1597830894?
True
Does 8 divide 318186894?
False
Is 2759340114 a multiple of 23?
False
Is 54 a factor of 4832352?
True
Does 41 divide 113516372?
True
Does 755 divide 81105875?
True
Does 8090 divide 890272140?
True
Does 5 divide 15499969?
False
Does 287 divide 71897732?
False
Is 5 a factor of 5997024?
False
Does 7 divide 8157620?
False
Is 22 a factor of 62859346?
True
Is 1388122320 a multiple of 2136?
True
Is 56 a factor of 3744455?
False
Is 296235192 a multiple of 264?
True
Is 193 a factor of 7871891?
True
Is 9 a factor of 101622120?
False
Is 13 a factor of 2682417881?
True
Is 4104804 a multiple of 22?
True
Is 8434491681 a multiple of 17?
False
Is 593182374 a multiple of 138?
True
Is 40 a factor of 434216880?
True
Is 180719136 a multiple of 1352?
True
Is 364848773 a multiple of 191?
True
Is 204517541 a multiple of 15?
False
Does 148 divide 56977780?
True
Does 95 divide 273142195?
True
Is 22979918 a multiple of 2?
True
Does 297 divide 7497171?
True
Is 47759215 a multiple of 71?
True
Is 79571211 a multiple of 723?
True
Is 292502222 even?
True
Is 21669824 a multiple of 47?
False
Does 134 divide 93903582?
True
Is 20451143 a multiple of 305?
False
Does 7 divide 284957805?
False
Is 199 a factor of 24430832?
True
Is 15 a factor of 1611368085?
True
Does 1501 divide 216883993?
True
Does 139 divide 342788367?
False
Is 34804087 a multiple of 111?
False
Does 214 divide 11827994?
True
Is 4455 a factor of 253850355?
True
Does 584 divide 41640952?
True
Does 2109 divide 51160481?
False
Does 25 divide 22629723?
False
Is 160 a factor of 93843634?
False
Is 10961757 a multiple of 27?
True
Does 133 divide 383548459?
True
Is 27 a factor of 453746313?
True
Does 5 divide 252450116?
False
Is 68 a factor of 119441656?
False
Is 1722109738 a multiple of 6?
False
Does 9 divide 367731702?
True
Does 347 divide 89875776?
True
Does 375 divide 928875?
True
Does 2744 divide 934829933?
False
Is 4679986 a multiple of 15?
False
Is 35 a factor of 963625390?
True
Is 514 a factor of 3918779130?
False
Does 408 divide 438436471?
False
Does 6109 divide 97609602?
True
Is 8 a factor of 31403073?
False
Does 1394 divide 352361